divisor of 31360 and 2800?
560
Calculate the greatest common divisor of 27419 and 119.
7
What is the highest common divisor of 527 and 91409?
17
Calculate the greatest common divisor of 38906 and 392.
98
What is the greatest common factor of 279 and 1504833?
93
Calculate the greatest common factor of 1911 and 100464.
273
Calculate the greatest common factor of 651 and 3864.
21
Calculate the greatest common divisor of 221429 and 26.
13
What is the highest common divisor of 351984 and 768?
48
What is the highest common divisor of 6140394 and 2106?
702
What is the highest common divisor of 19 and 878959?
19
Calculate the highest common divisor of 1363804 and 13.
13
Calculate the greatest common factor of 3549 and 411.
3
What is the highest common divisor of 46 and 5497?
23
What is the highest common factor of 424 and 43619?
53
Calculate the greatest common factor of 106128 and 912.
48
What is the greatest common divisor of 1904 and 15844?
68
Calculate the highest common divisor of 14647 and 1843.
97
Calculate the highest common divisor of 75 and 3360.
15
Calculate the greatest common divisor of 130 and 149305.
65
What is the greatest common divisor of 240 and 165?
15
Calculate the highest common divisor of 564 and 1844844.
564
What is the highest common divisor of 83696 and 12?
4
What is the greatest common divisor of 399910 and 64960?
2030
Calculate the highest common divisor of 294 and 79602.
6
Calculate the greatest common divisor of 2112000 and 11.
11
Calculate the highest common factor of 8892 and 79092.
468
What is the highest common factor of 903 and 3948?
21
What is the highest common divisor of 6 and 10762?
2
What is the greatest common factor of 440 and 99880?
440
Calculate the highest common factor of 451 and 1002122.
451
What is the highest common factor of 35336 and 70?
14
Calculate the greatest common factor of 245 and 30478.
49
What is the highest common divisor of 496 and 98766?
62
Calculate the highest common divisor of 1056 and 468160.
352
Calculate the greatest common divisor of 15920 and 19440.
80
Calculate the highest common divisor of 9169 and 3445.
53
What is the highest common divisor of 47 and 1214245?
47
What is the highest common factor of 4398585 and 2075?
415
What is the highest common divisor of 7626 and 2296?
82
Calculate the highest common divisor of 1242 and 158562.
414
Calculate the highest common factor of 11821 and 20.
1
What is the highest common divisor of 6430 and 270?
10
What is the highest common factor of 313310 and 3104?
194
What is the highest common factor of 316 and 5914?
2
What is the highest common factor of 405 and 41?
1
Calculate the highest common factor of 34523 and 632.
79
Calculate the greatest common divisor of 313276 and 4336.
1084
What is the highest common divisor of 5907066 and 66?
66
Calculate the greatest common divisor of 4935 and 71487.
141
Calculate the highest common factor of 707004 and 7380.
1476
Calculate the greatest common divisor of 180 and 11208.
12
What is the highest common factor of 484 and 228?
4
Calculate the highest common divisor of 910 and 15015.
455
What is the greatest common divisor of 62 and 55025?
31
Calculate the highest common divisor of 6975 and 63675.
225
Calculate the highest common divisor of 4185 and 31.
31
What is the highest common divisor of 1261 and 4160039?
1261
What is the highest common factor of 6106 and 6532?
142
Calculate the highest common factor of 40834 and 238.
34
Calculate the greatest common factor of 232712 and 38.
38
Calculate the greatest common factor of 448 and 72800.
224
What is the greatest common factor of 30340 and 640?
20
What is the highest common divisor of 1040825 and 1185?
395
Calculate the greatest common divisor of 161 and 12139561.
161
What is the highest common divisor of 372 and 31713?
93
Calculate the highest common divisor of 90246 and 2704.
338
What is the greatest common divisor of 6 and 10408?
2
Calculate the greatest common divisor of 24 and 2305476.
12
Calculate the highest common divisor of 113353 and 20777.
263
What is the greatest common factor of 8725704 and 104?
104
Calculate the greatest common divisor of 2737 and 475847.
391
What is the greatest common factor of 68179 and 369107?
2351
What is the highest common factor of 184 and 11232?
8
What is the greatest common divisor of 1292 and 1853?
17
What is the highest common factor of 17824 and 23951?
557
Calculate the highest common divisor of 394 and 6200378.
394
Calculate the greatest common factor of 135364 and 946.
86
What is the highest common factor of 1800 and 3128175?
225
What is the greatest common divisor of 17301 and 27018?
237
Calculate the highest common factor of 214900 and 6300.
700
Calculate the greatest common divisor of 4233 and 154131.
249
Calculate the greatest common divisor of 1415213 and 207.
23
Calculate the greatest common divisor of 623550 and 100.
50
Calculate the highest common factor of 115 and 16025.
5
Calculate the greatest common factor of 10757626 and 242.
242
What is the greatest common divisor of 2941 and 13736?
17
What is the greatest common factor of 468 and 79794?
234
What is the greatest common factor of 192 and 4786?
2
Calculate the highest common factor of 147 and 890589.
21
What is the greatest common divisor of 1072719 and 27?
9
Calculate the highest common factor of 65646 and 28.
14
What is the greatest common divisor of 1316 and 541534?
658
What is the greatest common factor of 236 and 10494684?
236
What is the greatest common divisor of 166397 and 154?
77
What is the highest common divisor of 83 and 304859?
83
Calculate the greatest common factor of 116300 and 300.
100
Calculate the greatest common factor of 11451 and 3465.
33
What is the highest common factor of 653604 and 6076?
868
Calculate the highest common factor of 775 and 131347.
31
What is the greatest common factor of 4454 and 262?
262
Calculate the greatest common factor of 145 and 1790.
5
Calculate the highest common factor of 1200 and 1975.
25
What is the highest common divisor of 38 and 614?
2
Calculate the highest common divisor of 10395 and 144375.
1155
What is the greatest common factor of 125939 and 253?
11
What is the greatest common factor of 261105 and 75?
15
Calculate the greatest common divisor of 38 and 463429.
19
What is the greatest common divisor of 108327 and 15?
3
What is the highest common divisor of 21546 and 246078?
1134
What is the greatest common factor of 357098 and 644?
322
What is the highest common divisor of 1942398 and 372?
186
Calculate the highest common divisor of 13561 and 764.
191
Calculate the greatest common divisor of 6531 and 147.
21
Calculate the greatest common divisor of 2604 and 546.
42
What is the greatest common factor of 2807 and 1268363?
401
What is the highest common divisor of 234 and 1157?
13
What is the greatest common factor of 1247 and 20081?
43
What is the greatest common factor of 151319 and 14?
7
What is the highest common divisor of 33966 and 6579?
153
Calculate the greatest common divisor of 3520 and 33792.
704
What is the highest common factor of 114 and 3173?
19
What is the highest common factor of 84 and 94396?
4
Calculate the highest common factor of 139904 and 44.
4
What is the greatest common divisor of 5744 and 144?
16
Calculate the highest common factor of 35 and 551740.
35
What is the highest common factor of 452907 and 156?
39
Calculate the highest common divisor of 189426 and 1928.
482
What is the greatest common factor of 222 and 30562?
74
What is the highest common divisor of 6314 and 656?
82
What is the highest common factor of 12990 and 1650?
30
What is the highest common divisor of 9056 and 36?
4
What is the highest common factor of 9309 and 24717?
321
What is the highest common factor of 563957 and 1641?
547
Calculate the highest common factor of 41316 and 4.
4
What is the highest common divisor of 138 and 89769?
69
Calculate the highest common factor of 7683 and 199167.
591
What is the greatest common divisor of 383 and 17?
1
What is the highest common factor of 78 and 40118?
26
What is the greatest common divisor of 34 and 105757?
17
What is the highest common divisor of 106256 and 87?
29
Calculate the highest common factor of 141 and 421825.
47
What is the greatest common div